{"id":1008,"date":"2023-04-03T17:20:40","date_gmt":"2023-04-03T23:20:40","guid":{"rendered":"https:\/\/aguaaeditoras.com\/?page_id=1008"},"modified":"2023-04-03T17:24:43","modified_gmt":"2023-04-03T23:24:43","slug":"blog-aguaa","status":"publish","type":"page","link":"https:\/\/aguaaeditoras.com\/index.php\/blog-aguaa\/","title":{"rendered":"Blog Aguaa"},"content":{"rendered":"<p>[vc_row][vc_column css=&#8221;.vc_custom_1680564280767{padding-top: 50px !important;}&#8221;][vc_column_text]<div class=\"pt-cv-wrapper\"><div class=\"pt-cv-view pt-cv-grid pt-cv-colsys\" id=\"pt-cv-view-0f15c97mn3\"><div data-id=\"pt-cv-page-1\" class=\"pt-cv-page\" data-cvc=\"2\"><div class=\"col-md-6 col-sm-6 col-xs-12 pt-cv-content-item pt-cv-1-col\" ><div class='pt-cv-ifield'><a href=\"https:\/\/aguaaeditoras.com\/index.php\/2025\/11\/29\/yolanda-zamora-y-el-fuego-silencioso-del-periodismo-cultural\/\" class=\"_blank pt-cv-href-thumbnail pt-cv-thumb-default\" target=\"_blank\" ><img loading=\"lazy\" decoding=\"async\" width=\"300\" height=\"225\" src=\"https:\/\/aguaaeditoras.com\/wp-content\/uploads\/2025\/11\/NotaPeriodistasCulturales-300x225.jpg\" class=\"pt-cv-thumbnail\" alt=\"Prensa FILGuadalajara 2025\" srcset=\"https:\/\/aguaaeditoras.com\/wp-content\/uploads\/2025\/11\/NotaPeriodistasCulturales-300x225.jpg 300w, https:\/\/aguaaeditoras.com\/wp-content\/uploads\/2025\/11\/NotaPeriodistasCulturales-1024x768.jpg 1024w, https:\/\/aguaaeditoras.com\/wp-content\/uploads\/2025\/11\/NotaPeriodistasCulturales-768x576.jpg 768w, https:\/\/aguaaeditoras.com\/wp-content\/uploads\/2025\/11\/NotaPeriodistasCulturales-1536x1152.jpg 1536w, https:\/\/aguaaeditoras.com\/wp-content\/uploads\/2025\/11\/NotaPeriodistasCulturales-2048x1536.jpg 2048w, https:\/\/aguaaeditoras.com\/wp-content\/uploads\/2025\/11\/NotaPeriodistasCulturales-372x279.jpg 372w\" sizes=\"auto, (max-width: 300px) 100vw, 300px\" \/><\/a>\n<h4 class=\"pt-cv-title\"><a href=\"https:\/\/aguaaeditoras.com\/index.php\/2025\/11\/29\/yolanda-zamora-y-el-fuego-silencioso-del-periodismo-cultural\/\" class=\"_blank\" target=\"_blank\" >Yolanda Zamora y el fuego silencioso del periodismo cultural<\/a><\/h4>\n<div class=\"pt-cv-content\">Cuando una feria del libro decide homenajear a una periodista, est\u00e1 diciendo algo muy claro: los libros no caminan solos, ...<br \/><div class=\"pt-cv-rmwrap\"><a href=\"https:\/\/aguaaeditoras.com\/index.php\/2025\/11\/29\/yolanda-zamora-y-el-fuego-silencioso-del-periodismo-cultural\/\" class=\"_blank pt-cv-readmore btn btn-success\" target=\"_blank\">Leer M\u00e1s<\/a><\/div><\/div>\n<div class=\"pt-cv-meta-fields\"><span class=\"entry-date\"> <time datetime=\"2025-11-29T14:37:53-06:00\">29 de noviembre, 2025<\/time><\/span><span> \/ <\/span><span class=\"author\"> <a href=\"https:\/\/aguaaeditoras.com\/index.php\/author\/aguriel\/\" rel=\"author\">Uriel<\/a><\/span><\/div><\/div><\/div>\n<div class=\"col-md-6 col-sm-6 col-xs-12 pt-cv-content-item pt-cv-1-col\" ><div class='pt-cv-ifield'><a href=\"https:\/\/aguaaeditoras.com\/index.php\/2025\/11\/29\/aguaa-editoras-en-la-fil-guadalajara-2025-asi-vivimos-la-feria-internacional-del-libro-de-guadalajara\/\" class=\"_blank pt-cv-href-thumbnail pt-cv-thumb-default\" target=\"_blank\" ><img loading=\"lazy\" decoding=\"async\" width=\"225\" height=\"300\" src=\"https:\/\/aguaaeditoras.com\/wp-content\/uploads\/2025\/11\/IMG_6876-1-225x300.jpg\" class=\"pt-cv-thumbnail\" alt=\"\" srcset=\"https:\/\/aguaaeditoras.com\/wp-content\/uploads\/2025\/11\/IMG_6876-1-225x300.jpg 225w, https:\/\/aguaaeditoras.com\/wp-content\/uploads\/2025\/11\/IMG_6876-1-768x1024.jpg 768w, https:\/\/aguaaeditoras.com\/wp-content\/uploads\/2025\/11\/IMG_6876-1-1152x1536.jpg 1152w, https:\/\/aguaaeditoras.com\/wp-content\/uploads\/2025\/11\/IMG_6876-1-1536x2048.jpg 1536w, https:\/\/aguaaeditoras.com\/wp-content\/uploads\/2025\/11\/IMG_6876-1-279x372.jpg 279w, https:\/\/aguaaeditoras.com\/wp-content\/uploads\/2025\/11\/IMG_6876-1-scaled.jpg 1920w\" sizes=\"auto, (max-width: 225px) 100vw, 225px\" \/><\/a>\n<h4 class=\"pt-cv-title\"><a href=\"https:\/\/aguaaeditoras.com\/index.php\/2025\/11\/29\/aguaa-editoras-en-la-fil-guadalajara-2025-asi-vivimos-la-feria-internacional-del-libro-de-guadalajara\/\" class=\"_blank\" target=\"_blank\" >Aguaa Editoras en la FIL Guadalajara 2025: as\u00ed vivimos la Feria Internacional del Libro de Guadalajara<\/a><\/h4>\n<div class=\"pt-cv-content\">Aguaa Editoras participa en la FIL Guadalajara 2025 para tejer alianzas, encontrar nuevos proyectos editoriales y fortalecer su red de ...<br \/><div class=\"pt-cv-rmwrap\"><a href=\"https:\/\/aguaaeditoras.com\/index.php\/2025\/11\/29\/aguaa-editoras-en-la-fil-guadalajara-2025-asi-vivimos-la-feria-internacional-del-libro-de-guadalajara\/\" class=\"_blank pt-cv-readmore btn btn-success\" target=\"_blank\">Leer M\u00e1s<\/a><\/div><\/div>\n<div class=\"pt-cv-meta-fields\"><span class=\"entry-date\"> <time datetime=\"2025-11-29T10:50:57-06:00\">29 de noviembre, 2025<\/time><\/span><span> \/ <\/span><span class=\"author\"> <a href=\"https:\/\/aguaaeditoras.com\/index.php\/author\/aguriel\/\" rel=\"author\">Uriel<\/a><\/span><\/div><\/div><\/div>\n<div class=\"col-md-6 col-sm-6 col-xs-12 pt-cv-content-item pt-cv-1-col\" ><div class='pt-cv-ifield'><a href=\"https:\/\/aguaaeditoras.com\/index.php\/2025\/05\/27\/1147\/\" class=\"_blank pt-cv-href-thumbnail pt-cv-thumb-default\" target=\"_blank\" ><img loading=\"lazy\" decoding=\"async\" width=\"200\" height=\"300\" src=\"https:\/\/aguaaeditoras.com\/wp-content\/uploads\/2025\/05\/20250527_1153_Revision-Academica-Diligente_simple_compose_01jw9dys84ekhtvzdfx2ftfw9h-200x300.png\" class=\"pt-cv-thumbnail\" alt=\"El nuevo horizonte de la edici\u00f3n acad\u00e9mica en M\u00e9xico\" srcset=\"https:\/\/aguaaeditoras.com\/wp-content\/uploads\/2025\/05\/20250527_1153_Revision-Academica-Diligente_simple_compose_01jw9dys84ekhtvzdfx2ftfw9h-200x300.png 200w, https:\/\/aguaaeditoras.com\/wp-content\/uploads\/2025\/05\/20250527_1153_Revision-Academica-Diligente_simple_compose_01jw9dys84ekhtvzdfx2ftfw9h-683x1024.png 683w, https:\/\/aguaaeditoras.com\/wp-content\/uploads\/2025\/05\/20250527_1153_Revision-Academica-Diligente_simple_compose_01jw9dys84ekhtvzdfx2ftfw9h-768x1152.png 768w, https:\/\/aguaaeditoras.com\/wp-content\/uploads\/2025\/05\/20250527_1153_Revision-Academica-Diligente_simple_compose_01jw9dys84ekhtvzdfx2ftfw9h-248x372.png 248w, https:\/\/aguaaeditoras.com\/wp-content\/uploads\/2025\/05\/20250527_1153_Revision-Academica-Diligente_simple_compose_01jw9dys84ekhtvzdfx2ftfw9h.png 1024w\" sizes=\"auto, (max-width: 200px) 100vw, 200px\" \/><\/a>\n<h4 class=\"pt-cv-title\"><a href=\"https:\/\/aguaaeditoras.com\/index.php\/2025\/05\/27\/1147\/\" class=\"_blank\" target=\"_blank\" >El nuevo horizonte de la edici\u00f3n acad\u00e9mica en M\u00e9xico<\/a><\/h4>\n<div class=\"pt-cv-content\">\ud83d\udcd6 Acceso abierto y democratizaci\u00f3n del conocimiento: el nuevo horizonte de la edici\u00f3n acad\u00e9mica en M\u00e9xico \u00bfQu\u00e9 significa acceso abierto ...<br \/><div class=\"pt-cv-rmwrap\"><a href=\"https:\/\/aguaaeditoras.com\/index.php\/2025\/05\/27\/1147\/\" class=\"_blank pt-cv-readmore btn btn-success\" target=\"_blank\">Leer M\u00e1s<\/a><\/div><\/div>\n<div class=\"pt-cv-meta-fields\"><span class=\"entry-date\"> <time datetime=\"2025-05-27T12:44:24-06:00\">27 de mayo, 2025<\/time><\/span><span> \/ <\/span><span class=\"author\"> <a href=\"https:\/\/aguaaeditoras.com\/index.php\/author\/aguriel\/\" rel=\"author\">Uriel<\/a><\/span><\/div><\/div><\/div>\n<div class=\"col-md-6 col-sm-6 col-xs-12 pt-cv-content-item pt-cv-1-col\" ><div class='pt-cv-ifield'><a href=\"https:\/\/aguaaeditoras.com\/index.php\/2023\/06\/08\/libros-con-patitas\/\" class=\"_blank pt-cv-href-thumbnail pt-cv-thumb-default\" target=\"_blank\" ><img loading=\"lazy\" decoding=\"async\" width=\"300\" height=\"240\" src=\"https:\/\/aguaaeditoras.com\/wp-content\/uploads\/2023\/06\/8E115B2F-E896-4D7B-B240-FB1A8479326B-300x240.jpeg\" class=\"pt-cv-thumbnail\" alt=\"\" srcset=\"https:\/\/aguaaeditoras.com\/wp-content\/uploads\/2023\/06\/8E115B2F-E896-4D7B-B240-FB1A8479326B-300x240.jpeg 300w, https:\/\/aguaaeditoras.com\/wp-content\/uploads\/2023\/06\/8E115B2F-E896-4D7B-B240-FB1A8479326B-1024x819.jpeg 1024w, https:\/\/aguaaeditoras.com\/wp-content\/uploads\/2023\/06\/8E115B2F-E896-4D7B-B240-FB1A8479326B-768x615.jpeg 768w, https:\/\/aguaaeditoras.com\/wp-content\/uploads\/2023\/06\/8E115B2F-E896-4D7B-B240-FB1A8479326B-1536x1229.jpeg 1536w, https:\/\/aguaaeditoras.com\/wp-content\/uploads\/2023\/06\/8E115B2F-E896-4D7B-B240-FB1A8479326B-2048x1639.jpeg 2048w, https:\/\/aguaaeditoras.com\/wp-content\/uploads\/2023\/06\/8E115B2F-E896-4D7B-B240-FB1A8479326B-372x298.jpeg 372w\" sizes=\"auto, (max-width: 300px) 100vw, 300px\" \/><\/a>\n<h4 class=\"pt-cv-title\"><a href=\"https:\/\/aguaaeditoras.com\/index.php\/2023\/06\/08\/libros-con-patitas\/\" class=\"_blank\" target=\"_blank\" >Libros con patitas<\/a><\/h4>\n<div class=\"pt-cv-content\">Una bruja, una pitonisa, la novia oscura y la magia del vidrio \u00bfCon base a qu\u00e9 seleccionamos nuestros libros favoritos? ...<br \/><div class=\"pt-cv-rmwrap\"><a href=\"https:\/\/aguaaeditoras.com\/index.php\/2023\/06\/08\/libros-con-patitas\/\" class=\"_blank pt-cv-readmore btn btn-success\" target=\"_blank\">Leer M\u00e1s<\/a><\/div><\/div>\n<div class=\"pt-cv-meta-fields\"><span class=\"entry-date\"> <time datetime=\"2023-06-08T18:44:39-06:00\">8 de junio, 2023<\/time><\/span><span> \/ <\/span><span class=\"author\"> <a href=\"https:\/\/aguaaeditoras.com\/index.php\/author\/aguriel\/\" rel=\"author\">Uriel<\/a><\/span><\/div><\/div><\/div>\n<div class=\"col-md-6 col-sm-6 col-xs-12 pt-cv-content-item pt-cv-1-col\" ><div class='pt-cv-ifield'><a href=\"https:\/\/aguaaeditoras.com\/index.php\/2023\/05\/09\/escribir-bien-enamora\/\" class=\"_blank pt-cv-href-thumbnail pt-cv-thumb-default\" target=\"_blank\" ><img loading=\"lazy\" decoding=\"async\" width=\"300\" height=\"195\" src=\"https:\/\/aguaaeditoras.com\/wp-content\/uploads\/2023\/05\/Captura-de-pantalla-2023-06-08-a-las-20.57.25-300x195.png\" class=\"pt-cv-thumbnail\" alt=\"\" srcset=\"https:\/\/aguaaeditoras.com\/wp-content\/uploads\/2023\/05\/Captura-de-pantalla-2023-06-08-a-las-20.57.25-300x195.png 300w, https:\/\/aguaaeditoras.com\/wp-content\/uploads\/2023\/05\/Captura-de-pantalla-2023-06-08-a-las-20.57.25-372x242.png 372w, https:\/\/aguaaeditoras.com\/wp-content\/uploads\/2023\/05\/Captura-de-pantalla-2023-06-08-a-las-20.57.25.png 670w\" sizes=\"auto, (max-width: 300px) 100vw, 300px\" \/><\/a>\n<h4 class=\"pt-cv-title\"><a href=\"https:\/\/aguaaeditoras.com\/index.php\/2023\/05\/09\/escribir-bien-enamora\/\" class=\"_blank\" target=\"_blank\" >Escribir bien \u00bfenamora?<\/a><\/h4>\n<div class=\"pt-cv-content\">[vc_row][vc_column width=\"1\/2\"][vc_column_text] Por: Gabriela Pardo \u00bfAlguna vez has tenido curiosidad por saber cu\u00e1ntas palabras escribes al d\u00eda? \u00bfTe has dado ...<br \/><div class=\"pt-cv-rmwrap\"><a href=\"https:\/\/aguaaeditoras.com\/index.php\/2023\/05\/09\/escribir-bien-enamora\/\" class=\"_blank pt-cv-readmore btn btn-success\" target=\"_blank\">Leer M\u00e1s<\/a><\/div><\/div>\n<div class=\"pt-cv-meta-fields\"><span class=\"entry-date\"> <time datetime=\"2023-05-09T19:26:02-06:00\">9 de mayo, 2023<\/time><\/span><span> \/ <\/span><span class=\"author\"> <a href=\"https:\/\/aguaaeditoras.com\/index.php\/author\/admin_yr8ajc29\/\" rel=\"author\">admin<\/a><\/span><\/div><\/div><\/div>\n<div class=\"col-md-6 col-sm-6 col-xs-12 pt-cv-content-item pt-cv-1-col\" ><div class='pt-cv-ifield'><a href=\"https:\/\/aguaaeditoras.com\/index.php\/2023\/04\/25\/lecturas-desde-la-periferia\/\" class=\"_blank pt-cv-href-thumbnail pt-cv-thumb-default\" target=\"_blank\" ><img loading=\"lazy\" decoding=\"async\" width=\"300\" height=\"196\" src=\"https:\/\/aguaaeditoras.com\/wp-content\/uploads\/2023\/04\/Captura-de-pantalla-2023-06-08-a-las-20.53.43-300x196.png\" class=\"pt-cv-thumbnail\" alt=\"\" srcset=\"https:\/\/aguaaeditoras.com\/wp-content\/uploads\/2023\/04\/Captura-de-pantalla-2023-06-08-a-las-20.53.43-300x196.png 300w, https:\/\/aguaaeditoras.com\/wp-content\/uploads\/2023\/04\/Captura-de-pantalla-2023-06-08-a-las-20.53.43-768x501.png 768w, https:\/\/aguaaeditoras.com\/wp-content\/uploads\/2023\/04\/Captura-de-pantalla-2023-06-08-a-las-20.53.43-372x243.png 372w, https:\/\/aguaaeditoras.com\/wp-content\/uploads\/2023\/04\/Captura-de-pantalla-2023-06-08-a-las-20.53.43.png 954w\" sizes=\"auto, (max-width: 300px) 100vw, 300px\" \/><\/a>\n<h4 class=\"pt-cv-title\"><a href=\"https:\/\/aguaaeditoras.com\/index.php\/2023\/04\/25\/lecturas-desde-la-periferia\/\" class=\"_blank\" target=\"_blank\" >Lecturas desde la periferia<\/a><\/h4>\n<div class=\"pt-cv-content\">[vc_row][vc_column width=\"1\/2\"][vc_column_text] \u00a1Hola! Est\u00e1s leyendo la primera entrada personal de nuestro blog. De este lado escribe Ana Rojas, coordinadora editorial ...<br \/><div class=\"pt-cv-rmwrap\"><a href=\"https:\/\/aguaaeditoras.com\/index.php\/2023\/04\/25\/lecturas-desde-la-periferia\/\" class=\"_blank pt-cv-readmore btn btn-success\" target=\"_blank\">Leer M\u00e1s<\/a><\/div><\/div>\n<div class=\"pt-cv-meta-fields\"><span class=\"entry-date\"> <time datetime=\"2023-04-25T19:42:31-06:00\">25 de abril, 2023<\/time><\/span><span> \/ <\/span><span class=\"author\"> <a href=\"https:\/\/aguaaeditoras.com\/index.php\/author\/admin_yr8ajc29\/\" rel=\"author\">admin<\/a><\/span><\/div><\/div><\/div>\n<div class=\"col-md-6 col-sm-6 col-xs-12 pt-cv-content-item pt-cv-1-col\" ><div class='pt-cv-ifield'><a href=\"https:\/\/aguaaeditoras.com\/index.php\/2023\/04\/03\/tu-aguaa-al-manantial\/\" class=\"_blank pt-cv-href-thumbnail pt-cv-thumb-default\" target=\"_blank\" ><img loading=\"lazy\" decoding=\"async\" width=\"300\" height=\"202\" src=\"https:\/\/aguaaeditoras.com\/wp-content\/uploads\/2023\/04\/AguaaBlog2-300x202.jpg\" class=\"pt-cv-thumbnail\" alt=\"\" srcset=\"https:\/\/aguaaeditoras.com\/wp-content\/uploads\/2023\/04\/AguaaBlog2-300x202.jpg 300w, https:\/\/aguaaeditoras.com\/wp-content\/uploads\/2023\/04\/AguaaBlog2.jpg 357w\" sizes=\"auto, (max-width: 300px) 100vw, 300px\" \/><\/a>\n<h4 class=\"pt-cv-title\"><a href=\"https:\/\/aguaaeditoras.com\/index.php\/2023\/04\/03\/tu-aguaa-al-manantial\/\" class=\"_blank\" target=\"_blank\" >Tu Aguaa al manantial<\/a><\/h4>\n<div class=\"pt-cv-content\">\u00a1Gracias por estar aqu\u00ed! Si bien nuestro eslogan es un reflejo de lo que deseamos: \u00a1Queremos que te lean!, con ...<br \/><div class=\"pt-cv-rmwrap\"><a href=\"https:\/\/aguaaeditoras.com\/index.php\/2023\/04\/03\/tu-aguaa-al-manantial\/\" class=\"_blank pt-cv-readmore btn btn-success\" target=\"_blank\">Leer M\u00e1s<\/a><\/div><\/div>\n<div class=\"pt-cv-meta-fields\"><span class=\"entry-date\"> <time datetime=\"2023-04-03T17:33:01-06:00\">3 de abril, 2023<\/time><\/span><span> \/ <\/span><span class=\"author\"> <a href=\"https:\/\/aguaaeditoras.com\/index.php\/author\/aguriel\/\" rel=\"author\">Uriel<\/a><\/span><\/div><\/div><\/div><\/div><\/div><\/div>[\/vc_column_text][\/vc_column][\/vc_row]<\/p>\n","protected":false},"excerpt":{"rendered":"<p>[vc_row][vc_column css=&#8221;.vc_custom_1680564280767{padding-top: 50px !important;}&#8221;][vc_column_text][\/vc_column_text][\/vc_column][\/vc_row]<\/p>\n","protected":false},"author":1,"featured_media":0,"parent":0,"menu_order":0,"comment_status":"closed","ping_status":"closed","template":"","meta":{"footnotes":""},"class_list":["post-1008","page","type-page","status-publish","hentry"],"jetpack_sharing_enabled":true,"_links":{"self":[{"href":"https:\/\/aguaaeditoras.com\/index.php\/wp-json\/wp\/v2\/pages\/1008","targetHints":{"allow":["GET"]}}],"collection":[{"href":"https:\/\/aguaaeditoras.com\/index.php\/wp-json\/wp\/v2\/pages"}],"about":[{"href":"https:\/\/aguaaeditoras.com\/index.php\/wp-json\/wp\/v2\/types\/page"}],"author":[{"embeddable":true,"href":"https:\/\/aguaaeditoras.com\/index.php\/wp-json\/wp\/v2\/users\/1"}],"replies":[{"embeddable":true,"href":"https:\/\/aguaaeditoras.com\/index.php\/wp-json\/wp\/v2\/comments?post=1008"}],"version-history":[{"count":3,"href":"https:\/\/aguaaeditoras.com\/index.php\/wp-json\/wp\/v2\/pages\/1008\/revisions"}],"predecessor-version":[{"id":1011,"href":"https:\/\/aguaaeditoras.com\/index.php\/wp-json\/wp\/v2\/pages\/1008\/revisions\/1011"}],"wp:attachment":[{"href":"https:\/\/aguaaeditoras.com\/index.php\/wp-json\/wp\/v2\/media?parent=1008"}],"curies":[{"name":"wp","href":"https:\/\/api.w.org\/{rel}","templated":true}]}}